CRAN Package Check Results for Package SIRE

Last updated on 2022-01-28 23:00:52 CET.

Flavor Version Tinstall Tcheck Ttotal Status Flags
r-devel-linux-x86_64-debian-clang 1.1.0 2.66 36.71 39.37 OK
r-devel-linux-x86_64-debian-gcc 1.1.0 2.36 29.04 31.40 OK
r-devel-linux-x86_64-fedora-clang 1.1.0 48.76 NOTE
r-devel-linux-x86_64-fedora-gcc 1.1.0 38.66 NOTE
r-devel-windows-x86_64-new-UL 1.1.0 20.00 57.00 77.00 OK
r-devel-windows-x86_64-new-TK 1.1.0 ERROR
r-patched-linux-x86_64 1.1.0 3.12 35.02 38.14 OK
r-release-linux-x86_64 1.1.0 2.41 34.71 37.12 OK
r-release-macos-arm64 1.1.0 NOTE
r-release-macos-x86_64 1.1.0 NOTE
r-release-windows-ix86+x86_64 1.1.0 9.00 46.00 55.00 OK
r-oldrel-macos-x86_64 1.1.0 NOTE
r-oldrel-windows-ix86+x86_64 1.1.0 7.00 46.00 53.00 OK

Check Details

Version: 1.1.0
Check: dependencies in R code
Result: NOTE
    Namespaces in Imports field not imported from:
     ‘dplyr’ ‘magrittr’ ‘psych’ ‘stringr’
     All declared Imports should be used.
Flavors: r-devel-linux-x86_64-fedora-clang, r-devel-linux-x86_64-fedora-gcc, r-release-macos-arm64, r-release-macos-x86_64, r-oldrel-macos-x86_64

Version: 1.1.0
Check: package dependencies
Result: ERROR
    Package required but not available: 'systemfit'
    
    See section 'The DESCRIPTION file' in the 'Writing R Extensions'
    manual.
Flavor: r-devel-windows-x86_64-new-TK