CRAN Package Check Results for Package SIfEK

Last updated on 2022-01-15 21:52:25 CET.

Flavor Version Tinstall Tcheck Ttotal Status Flags
r-devel-linux-x86_64-debian-clang 0.1.0 3.89 60.11 64.00 NOTE
r-devel-linux-x86_64-debian-gcc 0.1.0 4.26 45.45 49.71 NOTE
r-devel-linux-x86_64-fedora-clang 0.1.0 81.61 NOTE
r-devel-linux-x86_64-fedora-gcc 0.1.0 70.73 NOTE
r-devel-windows-x86_64-new-UL 0.1.0 26.00 92.00 118.00 OK
r-devel-windows-x86_64-new-TK 0.1.0 OK
r-patched-linux-x86_64 0.1.0 6.20 59.54 65.74 NOTE
r-release-linux-x86_64 0.1.0 3.85 59.72 63.57 NOTE
r-release-macos-arm64 0.1.0 OK
r-release-macos-x86_64 0.1.0 OK
r-release-windows-ix86+x86_64 0.1.0 11.00 72.00 83.00 OK
r-oldrel-macos-x86_64 0.1.0 OK
r-oldrel-windows-ix86+x86_64 0.1.0 11.00 70.00 81.00 OK

Check Details

Version: 0.1.0
Check: for non-standard things in the check directory
Result: NOTE
    Found the following files/directories:
     'MM.csv' 'Simul.csv' 'catalytic.csv'
Flavors: r-devel-linux-x86_64-debian-clang, r-devel-linux-x86_64-debian-gcc, r-devel-linux-x86_64-fedora-clang, r-devel-linux-x86_64-fedora-gcc, r-patched-linux-x86_64, r-release-linux-x86_64