CRAN Package Check Results for Package SLOPE

Last updated on 2022-01-28 23:00:52 CET.

Flavor Version Tinstall Tcheck Ttotal Status Flags
r-devel-linux-x86_64-debian-clang 0.4.0 171.24 170.67 341.91 OK
r-devel-linux-x86_64-debian-gcc 0.4.0 138.16 121.98 260.14 OK
r-devel-linux-x86_64-fedora-clang 0.4.0 487.76 NOTE
r-devel-linux-x86_64-fedora-gcc 0.4.0 443.63 OK
r-devel-windows-x86_64-new-UL 0.4.0 165.00 231.00 396.00 OK
r-devel-windows-x86_64-new-TK 0.4.0 OK
r-patched-linux-x86_64 0.4.0 145.88 159.55 305.43 OK
r-release-linux-x86_64 0.4.0 154.40 162.07 316.47 OK
r-release-macos-arm64 0.4.0 NOTE
r-release-macos-x86_64 0.4.0 NOTE
r-release-windows-ix86+x86_64 0.4.0 419.00 326.00 745.00 OK
r-oldrel-macos-x86_64 0.4.0 NOTE
r-oldrel-windows-ix86+x86_64 0.4.0 421.00 333.00 754.00 OK

Check Details

Version: 0.4.0
Check: installed package size
Result: NOTE
     installed size is 8.2Mb
     sub-directories of 1Mb or more:
     libs 7.7Mb
Flavors: r-devel-linux-x86_64-fedora-clang, r-release-macos-arm64, r-release-macos-x86_64, r-oldrel-macos-x86_64