CRAN Package Check Results for Package SNPassoc

Last updated on 2024-02-29 22:58:59 CET.

Flavor Version Tinstall Tcheck Ttotal Status Flags
r-devel-linux-x86_64-debian-clang 2.1-0 25.10 294.62 319.72 OK
r-devel-linux-x86_64-debian-gcc 2.1-0 15.54 217.46 233.00 OK
r-devel-linux-x86_64-fedora-clang 2.1-0 406.31 OK
r-devel-linux-x86_64-fedora-gcc 2.1-0 413.19 OK
r-devel-windows-x86_64 2.1-0 20.00 239.00 259.00 OK
r-patched-linux-x86_64 2.1-0 23.31 291.13 314.44 OK
r-release-linux-x86_64 2.1-0 14.78 282.93 297.71 OK
r-release-macos-arm64 2.1-0 114.00 NOTE
r-release-macos-x86_64 2.1-0 177.00 NOTE
r-release-windows-x86_64 2.1-0 26.00 281.00 307.00 OK
r-oldrel-macos-arm64 2.1-0 107.00 OK
r-oldrel-windows-x86_64 2.1-0 27.00 298.00 325.00 OK

Check Details

Version: 2.1-0
Check: package dependencies
Result: NOTE Packages suggested but not available for checking: 'VariantAnnotation', 'TxDb.Hsapiens.UCSC.hg19.knownGene' Flavor: r-release-macos-arm64

Version: 2.1-0
Check: package dependencies
Result: NOTE Packages suggested but not available for checking: 'VariantAnnotation', 'org.Hs.eg.db', 'TxDb.Hsapiens.UCSC.hg19.knownGene' Flavor: r-release-macos-x86_64