CRAN Package Check Results for Package SPARTAAS

Last updated on 2021-12-07 22:59:44 CET.

Flavor Version Tinstall Tcheck Ttotal Status Flags
r-devel-linux-x86_64-debian-clang 1.1.0 43.46 401.31 444.77 OK
r-devel-linux-x86_64-debian-gcc 1.1.0 37.85 296.55 334.40 OK
r-devel-linux-x86_64-fedora-clang 1.1.0 531.97 NOTE
r-devel-linux-x86_64-fedora-gcc 1.1.0 525.41 OK
r-devel-windows-x86_64-new-UL 1.1.0 77.00 473.00 550.00 OK
r-devel-windows-x86_64-new-TK 1.1.0 OK
r-devel-windows-x86_64-old 1.1.0 77.00 462.00 539.00 OK
r-patched-linux-x86_64 1.1.0 42.38 385.57 427.95 OK
r-release-linux-x86_64 1.1.0 41.30 381.91 423.21 OK
r-release-macos-arm64 1.1.0 OK
r-release-macos-x86_64 1.1.0 OK
r-release-windows-ix86+x86_64 1.1.0 81.00 468.00 549.00 OK
r-oldrel-macos-x86_64 1.1.0 OK
r-oldrel-windows-ix86+x86_64 1.1.0 117.00 505.00 622.00 OK

Check Details

Version: 1.1.0
Check: package dependencies
Result: NOTE
    Imports includes 31 non-default packages.
    Importing from so many packages makes the package vulnerable to any of
    them becoming unavailable. Move as many as possible to Suggests and
    use conditionally.
Flavor: r-devel-linux-x86_64-fedora-clang