CRAN Package Check Results for Package SPEDInstabR

Last updated on 2022-05-22 22:51:52 CEST.

Flavor Version Tinstall Tcheck Ttotal Status Flags
r-devel-linux-x86_64-debian-clang 1.9 3.96 46.36 50.32 OK
r-devel-linux-x86_64-debian-gcc 1.9 2.67 36.43 39.10 OK
r-devel-linux-x86_64-fedora-clang 1.9 59.53 NOTE
r-devel-linux-x86_64-fedora-gcc 1.9 58.32 NOTE
r-devel-windows-x86_64 1.9 19.00 66.00 85.00 OK
r-patched-linux-x86_64 1.9 3.49 44.95 48.44 OK
r-release-linux-x86_64 1.9 2.66 45.52 48.18 OK
r-release-macos-arm64 1.9 21.00 NOTE
r-release-macos-x86_64 1.9 28.00 NOTE
r-release-windows-x86_64 1.9 29.00 65.00 94.00 OK
r-oldrel-macos-arm64 1.9 21.00 NOTE
r-oldrel-macos-x86_64 1.9 27.00 NOTE
r-oldrel-windows-ix86+x86_64 1.9 6.00 60.00 66.00 OK

Check Details

Version: 1.9
Check: data for non-ASCII characters
Result: NOTE
     Note: found 5 marked Latin-1 strings
Flavors: r-devel-linux-x86_64-fedora-clang, r-devel-linux-x86_64-fedora-gcc, r-release-macos-arm64, r-release-macos-x86_64, r-oldrel-macos-arm64, r-oldrel-macos-x86_64