CRAN Package Check Results for Package SPlit

Last updated on 2021-11-26 23:03:41 CET.

Flavor Version Tinstall Tcheck Ttotal Status Flags
r-devel-linux-x86_64-debian-clang 1.0 37.62 25.72 63.34 NOTE
r-devel-linux-x86_64-debian-gcc 1.0 26.34 20.26 46.60 NOTE
r-devel-linux-x86_64-fedora-clang 1.0 101.97 NOTE
r-devel-linux-x86_64-fedora-gcc 1.0 83.93 NOTE
r-devel-windows-x86_64-new-UL 1.0 52.00 88.00 140.00 NOTE
r-devel-windows-x86_64-new-TK 1.0 NOTE
r-devel-windows-x86_64-old 1.0 37.00 55.00 92.00 NOTE
r-patched-linux-x86_64 1.0 31.84 24.60 56.44 NOTE
r-patched-solaris-x86 1.0 94.50 NOTE
r-release-linux-x86_64 1.0 NOTE
r-release-macos-arm64 1.0 NOTE
r-release-macos-x86_64 1.0 NOTE
r-release-windows-ix86+x86_64 1.0 93.00 55.00 148.00 NOTE
r-oldrel-macos-x86_64 1.0 OK
r-oldrel-windows-ix86+x86_64 1.0 67.00 68.00 135.00 OK

Check Details

Version: 1.0
Check: LazyData
Result: NOTE
     'LazyData' is specified without a 'data' directory
Flavors: r-devel-linux-x86_64-debian-clang, r-devel-linux-x86_64-debian-gcc, r-devel-linux-x86_64-fedora-clang, r-devel-linux-x86_64-fedora-gcc, r-devel-windows-x86_64-new-UL, r-devel-windows-x86_64-new-TK, r-devel-windows-x86_64-old, r-patched-linux-x86_64, r-patched-solaris-x86, r-release-linux-x86_64, r-release-macos-arm64, r-release-macos-x86_64, r-release-windows-ix86+x86_64