CRAN Package Check Results for Package SSDM

Last updated on 2022-01-20 22:54:19 CET.

Flavor Version Tinstall Tcheck Ttotal Status Flags
r-devel-linux-x86_64-debian-clang 0.2.8 OK
r-devel-linux-x86_64-debian-gcc 0.2.8 42.49 397.16 439.65 OK
r-devel-linux-x86_64-fedora-clang 0.2.8 692.97 NOTE
r-devel-linux-x86_64-fedora-gcc 0.2.8 687.00 NOTE
r-devel-windows-x86_64-new-UL 0.2.8 97.00 571.00 668.00 OK
r-devel-windows-x86_64-new-TK 0.2.8 NOTE
r-patched-linux-x86_64 0.2.8 51.05 520.95 572.00 OK
r-release-linux-x86_64 0.2.8 48.60 516.34 564.94 OK
r-release-macos-arm64 0.2.8 NOTE
r-release-macos-x86_64 0.2.8 NOTE
r-release-windows-ix86+x86_64 0.2.8 104.00 612.00 716.00 OK
r-oldrel-macos-x86_64 0.2.8 NOTE
r-oldrel-windows-ix86+x86_64 0.2.8 107.00 615.00 722.00 OK

Check Details

Version: 0.2.8
Check: dependencies in R code
Result: NOTE
    Namespace in Imports field not imported from: ‘shinyFiles’
     All declared Imports should be used.
Flavors: r-devel-linux-x86_64-fedora-clang, r-devel-linux-x86_64-fedora-gcc, r-devel-windows-x86_64-new-TK, r-release-macos-arm64, r-release-macos-x86_64, r-oldrel-macos-x86_64