CRAN Package Check Results for Package SUE

Last updated on 2022-01-18 22:47:40 CET.

Flavor Version Tinstall Tcheck Ttotal Status Flags
r-devel-linux-x86_64-debian-clang 1.0 2.12 33.40 35.52 NOTE
r-devel-linux-x86_64-debian-gcc 1.0 1.38 27.57 28.95 NOTE
r-devel-linux-x86_64-fedora-clang 1.0 44.55 NOTE
r-devel-linux-x86_64-fedora-gcc 1.0 33.52 NOTE
r-devel-windows-x86_64-new-UL 1.0 15.00 49.00 64.00 NOTE
r-devel-windows-x86_64-new-TK 1.0 NOTE
r-patched-linux-x86_64 1.0 2.25 33.02 35.27 NOTE
r-release-linux-x86_64 1.0 NOTE
r-release-macos-arm64 1.0 NOTE
r-release-macos-x86_64 1.0 NOTE
r-release-windows-ix86+x86_64 1.0 4.00 45.00 49.00 NOTE
r-oldrel-macos-x86_64 1.0 NOTE
r-oldrel-windows-ix86+x86_64 1.0 4.00 44.00 48.00 NOTE

Check Details

Version: 1.0
Check: DESCRIPTION meta-information
Result: NOTE
    Malformed Description field: should contain one or more complete sentences.
Flavors: r-devel-linux-x86_64-debian-clang, r-devel-linux-x86_64-debian-gcc, r-devel-linux-x86_64-fedora-clang, r-devel-linux-x86_64-fedora-gcc, r-devel-windows-x86_64-new-UL, r-devel-windows-x86_64-new-TK, r-patched-linux-x86_64, r-release-linux-x86_64, r-release-macos-arm64, r-release-macos-x86_64, r-release-windows-ix86+x86_64, r-oldrel-macos-x86_64, r-oldrel-windows-ix86+x86_64

Version: 1.0
Check: R code for possible problems
Result: NOTE
    SUE.fitted.values: no visible global function definition for
     'model.frame'
    SUE.lm: no visible global function definition for 'model.frame'
    SUE.lm: no visible global function definition for 'lm'
    SUE.lm: no visible global function definition for 'anova'
    SUE.residuals: no visible global function definition for 'model.frame'
    parameters : para2: no visible global function definition for 'uniroot'
    parameters: no visible global function definition for 'optimize'
    parameters: no visible global function definition for 'uniroot'
    Undefined global functions or variables:
     anova lm model.frame optimize uniroot
    Consider adding
     importFrom("stats", "anova", "lm", "model.frame", "optimize",
     "uniroot")
    to your NAMESPACE file.
Flavors: r-devel-linux-x86_64-debian-clang, r-devel-linux-x86_64-debian-gcc, r-devel-linux-x86_64-fedora-clang, r-devel-linux-x86_64-fedora-gcc, r-devel-windows-x86_64-new-UL, r-devel-windows-x86_64-new-TK, r-patched-linux-x86_64, r-release-linux-x86_64, r-release-macos-arm64, r-release-macos-x86_64, r-release-windows-ix86+x86_64, r-oldrel-macos-x86_64, r-oldrel-windows-ix86+x86_64

Version: 1.0
Check: Rd line widths
Result: NOTE
    Rd file 'SUE.lm.Rd':
     \examples lines wider than 100 characters:
     ##We analysis the well known stackloss data by using ordinary linear method and the subsampling method.
     ##proportion of outliers in the data. The subsample size is chosen to be the default size of ns = 11.
     plot(SUE.fitted.values(a2),SUE.residuals(a2),xlab="(b) fitted values",ylab="residuals",ylim=c(-12,12))
     plot(SUE.fitted.values(a3),SUE.residuals(a3),xlab="(c) fitted values",ylab="residuals",ylim=c(-12,12))
    
    These lines will be truncated in the PDF manual.
Flavors: r-devel-linux-x86_64-debian-clang, r-devel-linux-x86_64-debian-gcc, r-devel-linux-x86_64-fedora-clang, r-devel-linux-x86_64-fedora-gcc, r-patched-linux-x86_64, r-release-linux-x86_64