Last updated on 2023-03-19 22:58:10 CET.
Flavor | Version | Tinstall | Tcheck | Ttotal | Status | Flags |
---|---|---|---|---|---|---|
r-devel-linux-x86_64-debian-clang | 0.2.9.1 | NOTE | ||||
r-devel-linux-x86_64-debian-gcc | 0.2.9.1 | 8.35 | 240.81 | 249.16 | NOTE | |
r-devel-linux-x86_64-fedora-clang | 0.2.9.1 | 437.71 | NOTE | |||
r-devel-linux-x86_64-fedora-gcc | 0.2.9.1 | 390.02 | NOTE | |||
r-devel-windows-x86_64 | 0.2.9.1 | 18.00 | 347.00 | 365.00 | NOTE | |
r-patched-linux-x86_64 | 0.2.9.1 | 11.10 | 323.04 | 334.14 | OK | |
r-release-linux-x86_64 | 0.2.9.1 | 8.51 | 329.34 | 337.85 | OK | |
r-release-macos-arm64 | 0.2.9.1 | 223.00 | OK | |||
r-release-macos-x86_64 | 0.2.9.1 | 185.00 | OK | |||
r-release-windows-x86_64 | 0.2.9.1 | 28.00 | 340.00 | 368.00 | OK | |
r-oldrel-macos-arm64 | 0.2.9.1 | 187.00 | OK | |||
r-oldrel-macos-x86_64 | 0.2.9.1 | 197.00 | OK | |||
r-oldrel-windows-ix86+x86_64 | 0.2.9.1 | 22.00 | 322.00 | 344.00 | OK |
Version: 0.2.9.1
Check: Rd files
Result: NOTE
checkRd: (-1) diabetes.Rd:18: Escaped LaTeX specials: \^
Flavors: r-devel-linux-x86_64-debian-clang, r-devel-linux-x86_64-debian-gcc, r-devel-linux-x86_64-fedora-clang, r-devel-linux-x86_64-fedora-gcc, r-devel-windows-x86_64