Last updated on 2022-05-20 22:53:24 CEST.
Flavor | Version | Tinstall | Tcheck | Ttotal | Status | Flags |
---|---|---|---|---|---|---|
r-devel-linux-x86_64-debian-clang | 0.2.9 | 9.72 | 316.23 | 325.95 | WARN | |
r-devel-linux-x86_64-debian-gcc | 0.2.9 | 8.90 | 247.95 | 256.85 | WARN | |
r-devel-linux-x86_64-fedora-clang | 0.2.9 | 416.45 | WARN | |||
r-devel-linux-x86_64-fedora-gcc | 0.2.9 | 411.37 | WARN | |||
r-devel-windows-x86_64 | 0.2.9 | 19.00 | 332.00 | 351.00 | OK | |
r-patched-linux-x86_64 | 0.2.9 | 10.13 | 311.49 | 321.62 | WARN | |
r-release-linux-x86_64 | 0.2.9 | 9.05 | 321.42 | 330.47 | WARN | |
r-release-macos-arm64 | 0.2.9 | 171.00 | OK | |||
r-release-macos-x86_64 | 0.2.9 | 282.00 | OK | |||
r-release-windows-x86_64 | 0.2.9 | 23.00 | 339.00 | 362.00 | OK | |
r-oldrel-macos-arm64 | 0.2.9 | 196.00 | OK | |||
r-oldrel-macos-x86_64 | 0.2.9 | 298.00 | OK | |||
r-oldrel-windows-ix86+x86_64 | 0.2.9 | 23.00 | 327.00 | 350.00 | OK |
Version: 0.2.9
Check: sizes of PDF files under ‘inst/doc’
Result: WARN
'gs+qpdf' made some significant size reductions:
compacted 'paper.pdf' from 561Kb to 298Kb
consider running tools::compactPDF(gs_quality = "ebook") on these files
Flavors: r-devel-linux-x86_64-debian-clang, r-devel-linux-x86_64-debian-gcc, r-devel-linux-x86_64-fedora-clang, r-devel-linux-x86_64-fedora-gcc, r-patched-linux-x86_64, r-release-linux-x86_64