Last updated on 2023-03-23 22:52:44 CET.
Flavor | Version | Tinstall | Tcheck | Ttotal | Status | Flags |
---|---|---|---|---|---|---|
r-devel-linux-x86_64-debian-clang | 2.0.3 | 8.20 | 77.24 | 85.44 | OK | |
r-devel-linux-x86_64-debian-gcc | 2.0.3 | 7.17 | 54.96 | 62.13 | OK | |
r-devel-linux-x86_64-fedora-clang | 2.0.3 | 108.39 | OK | |||
r-devel-linux-x86_64-fedora-gcc | 2.0.3 | 100.18 | OK | |||
r-devel-windows-x86_64 | 2.0.3 | 20.00 | 105.00 | 125.00 | OK | |
r-patched-linux-x86_64 | 2.0.3 | 8.89 | 73.54 | 82.43 | OK | |
r-release-linux-x86_64 | 2.0.3 | 9.18 | 70.98 | 80.16 | OK | |
r-release-macos-arm64 | 2.0.3 | 32.00 | OK | |||
r-release-macos-x86_64 | 2.0.3 | 55.00 | OK | |||
r-release-windows-x86_64 | 2.0.3 | 31.00 | 122.00 | 153.00 | OK | |
r-oldrel-macos-arm64 | 2.0.3 | 42.00 | OK | |||
r-oldrel-macos-x86_64 | 2.0.3 | 66.00 | OK | |||
r-oldrel-windows-ix86+x86_64 | 2.0.3 | 21.00 | 104.00 | 125.00 | NOTE |
Version: 2.0.3
Check: R code for possible problems
Result: NOTE
Initiating curl with CURL_SSL_BACKEND: openssl
Flavor: r-oldrel-windows-ix86+x86_64