CRAN Package Check Results for Package SelvarMix

Last updated on 2022-07-05 22:50:33 CEST.

Flavor Version Tinstall Tcheck Ttotal Status Flags
r-devel-linux-x86_64-debian-clang 1.2.1 155.45 37.57 193.02 OK
r-devel-linux-x86_64-debian-gcc 1.2.1 122.74 29.69 152.43 OK
r-devel-linux-x86_64-fedora-clang 1.2.1 291.71 OK
r-devel-linux-x86_64-fedora-gcc 1.2.1 262.11 OK
r-devel-windows-x86_64 1.2.1 116.00 85.00 201.00 OK
r-patched-linux-x86_64 1.2.1 133.26 36.55 169.81 OK
r-release-linux-x86_64 1.2.1 126.70 36.35 163.05 OK
r-release-macos-arm64 1.2.1 60.00 NOTE
r-release-macos-x86_64 1.2.1 78.00 NOTE
r-release-windows-x86_64 1.2.1 128.00 85.00 213.00 OK
r-oldrel-macos-arm64 1.2.1 66.00 NOTE
r-oldrel-macos-x86_64 1.2.1 116.00 NOTE
r-oldrel-windows-ix86+x86_64 1.2.1 377.00 83.00 460.00 OK

Check Details

Version: 1.2.1
Check: installed package size
Result: NOTE
     installed size is 6.0Mb
     sub-directories of 1Mb or more:
     libs 5.8Mb
Flavors: r-release-macos-arm64, r-release-macos-x86_64, r-oldrel-macos-arm64, r-oldrel-macos-x86_64