Last updated on 2022-07-04 22:59:22 CEST.
Flavor | Version | Tinstall | Tcheck | Ttotal | Status | Flags |
---|---|---|---|---|---|---|
r-devel-linux-x86_64-debian-clang | 1.0.7 | 76.36 | 89.81 | 166.17 | OK | |
r-devel-linux-x86_64-debian-gcc | 1.0.7 | 64.79 | 66.17 | 130.96 | OK | |
r-devel-linux-x86_64-fedora-clang | 1.0.7 | 248.99 | NOTE | |||
r-devel-linux-x86_64-fedora-gcc | 1.0.7 | 218.62 | OK | |||
r-devel-windows-x86_64 | 1.0.7 | 81.00 | 149.00 | 230.00 | OK | |
r-patched-linux-x86_64 | 1.0.7 | 67.41 | 83.74 | 151.15 | OK | |
r-release-linux-x86_64 | 1.0.7 | 64.98 | 84.67 | 149.65 | OK | |
r-release-macos-arm64 | 1.0.7 | 64.00 | NOTE | |||
r-release-macos-x86_64 | 1.0.7 | 111.00 | NOTE | |||
r-release-windows-x86_64 | 1.0.7 | 95.00 | 162.00 | 257.00 | OK | |
r-oldrel-macos-arm64 | 1.0.7 | 71.00 | NOTE | |||
r-oldrel-macos-x86_64 | 1.0.7 | 95.00 | NOTE | |||
r-oldrel-windows-ix86+x86_64 | 1.0.7 | 169.00 | 165.00 | 334.00 | OK |
Version: 1.0.7
Check: installed package size
Result: NOTE
installed size is 7.5Mb
sub-directories of 1Mb or more:
libs 6.2Mb
Flavors: r-devel-linux-x86_64-fedora-clang, r-release-macos-arm64, r-release-macos-x86_64, r-oldrel-macos-arm64, r-oldrel-macos-x86_64