CRAN Package Check Results for Package ShellChron

Last updated on 2022-01-25 22:57:10 CET.

Flavor Version Tinstall Tcheck Ttotal Status Flags
r-devel-linux-x86_64-debian-clang 0.4.0 4.88 54.17 59.05 OK
r-devel-linux-x86_64-debian-gcc 0.4.0 4.52 46.21 50.73 OK
r-devel-linux-x86_64-fedora-clang 0.4.0 75.09 OK
r-devel-linux-x86_64-fedora-gcc 0.4.0 62.16 OK
r-devel-windows-x86_64-new-UL 0.4.0 49.00 80.00 129.00 OK
r-devel-windows-x86_64-new-TK 0.4.0 ERROR
r-patched-linux-x86_64 0.4.0 5.39 52.13 57.52 OK
r-release-linux-x86_64 0.4.0 4.44 51.36 55.80 OK
r-release-macos-arm64 0.4.0 OK
r-release-macos-x86_64 0.4.0 OK
r-release-windows-ix86+x86_64 0.4.0 10.00 66.00 76.00 OK
r-oldrel-macos-x86_64 0.4.0 OK
r-oldrel-windows-ix86+x86_64 0.4.0 11.00 64.00 75.00 OK

Check Details

Version: 0.4.0
Check: package dependencies
Result: ERROR
    Package required but not available: 'ggpubr'
    
    See section 'The DESCRIPTION file' in the 'Writing R Extensions'
    manual.
Flavor: r-devel-windows-x86_64-new-TK