CRAN Package Check Results for Package ShinyTester

Last updated on 2022-05-22 22:51:51 CEST.

Flavor Version Tinstall Tcheck Ttotal Status Flags
r-devel-linux-x86_64-debian-clang 0.1.0 5.73 62.27 68.00 NOTE
r-devel-linux-x86_64-debian-gcc 0.1.0 5.15 46.41 51.56 NOTE
r-devel-linux-x86_64-fedora-clang 0.1.0 79.12 NOTE
r-devel-linux-x86_64-fedora-gcc 0.1.0 78.23 NOTE
r-devel-windows-x86_64 0.1.0 14.00 75.00 89.00 NOTE
r-patched-linux-x86_64 0.1.0 5.07 57.95 63.02 NOTE
r-release-linux-x86_64 0.1.0 4.04 58.53 62.57 NOTE
r-release-macos-arm64 0.1.0 22.00 NOTE
r-release-macos-x86_64 0.1.0 44.00 NOTE
r-release-windows-x86_64 0.1.0 10.00 74.00 84.00 NOTE
r-oldrel-macos-arm64 0.1.0 27.00 NOTE
r-oldrel-macos-x86_64 0.1.0 41.00 NOTE
r-oldrel-windows-ix86+x86_64 0.1.0 15.00 69.00 84.00 NOTE

Check Details

Version: 0.1.0
Check: LazyData
Result: NOTE
     'LazyData' is specified without a 'data' directory
Flavors: r-devel-linux-x86_64-debian-clang, r-devel-linux-x86_64-debian-gcc, r-devel-linux-x86_64-fedora-clang, r-devel-linux-x86_64-fedora-gcc, r-devel-windows-x86_64, r-patched-linux-x86_64, r-release-linux-x86_64, r-release-macos-arm64, r-release-macos-x86_64, r-release-windows-x86_64, r-oldrel-macos-arm64, r-oldrel-macos-x86_64, r-oldrel-windows-ix86+x86_64