Last updated on 2022-05-27 22:52:07 CEST.
Flavor | Version | Tinstall | Tcheck | Ttotal | Status | Flags |
---|---|---|---|---|---|---|
r-devel-linux-x86_64-debian-clang | 2.8 | 11.96 | 128.53 | 140.49 | OK | |
r-devel-linux-x86_64-debian-gcc | 2.8 | 9.82 | 94.29 | 104.11 | OK | |
r-devel-linux-x86_64-fedora-clang | 2.8 | 158.73 | NOTE | |||
r-devel-linux-x86_64-fedora-gcc | 2.8 | 157.55 | OK | |||
r-devel-windows-x86_64 | 2.8 | 64.00 | 174.00 | 238.00 | NOTE | |
r-patched-linux-x86_64 | 2.8 | 12.82 | 117.40 | 130.22 | OK | |
r-release-linux-x86_64 | 2.8 | 10.36 | 121.43 | 131.79 | OK | |
r-release-macos-arm64 | 2.8 | 44.00 | NOTE | |||
r-release-macos-x86_64 | 2.8 | 88.00 | NOTE | |||
r-release-windows-x86_64 | 2.8 | 66.00 | 170.00 | 236.00 | NOTE | |
r-oldrel-macos-arm64 | 2.8 | 47.00 | NOTE | |||
r-oldrel-macos-x86_64 | 2.8 | 68.00 | NOTE | |||
r-oldrel-windows-ix86+x86_64 | 2.8 | 24.00 | 164.00 | 188.00 | NOTE |
Version: 2.8
Check: installed package size
Result: NOTE
installed size is 5.7Mb
sub-directories of 1Mb or more:
doc 5.2Mb
Flavors: r-devel-linux-x86_64-fedora-clang, r-devel-windows-x86_64, r-release-macos-arm64, r-release-macos-x86_64, r-release-windows-x86_64, r-oldrel-macos-arm64, r-oldrel-macos-x86_64, r-oldrel-windows-ix86+x86_64
Version: 2.8
Check: package dependencies
Result: NOTE
Package suggested but not available for checking: ‘doMPI’
Flavors: r-release-macos-arm64, r-release-macos-x86_64, r-oldrel-macos-arm64, r-oldrel-macos-x86_64