CRAN Package Check Results for Package SimVitD

Last updated on 2021-11-26 23:03:40 CET.

Flavor Version Tinstall Tcheck Ttotal Status Flags
r-devel-linux-x86_64-debian-clang 1.0 3.75 33.14 36.89 NOTE
r-devel-linux-x86_64-debian-gcc 1.0 2.30 25.78 28.08 NOTE
r-devel-linux-x86_64-fedora-clang 1.0 55.71 NOTE
r-devel-linux-x86_64-fedora-gcc 1.0 44.67 NOTE
r-devel-windows-x86_64-new-UL 1.0 9.00 80.00 89.00 NOTE
r-devel-windows-x86_64-new-TK 1.0 NOTE
r-devel-windows-x86_64-old 1.0 5.00 51.00 56.00 NOTE
r-patched-linux-x86_64 1.0 3.80 31.85 35.65 NOTE
r-patched-solaris-x86 1.0 65.30 NOTE
r-release-linux-x86_64 1.0 NOTE
r-release-macos-arm64 1.0 NOTE
r-release-macos-x86_64 1.0 NOTE
r-release-windows-ix86+x86_64 1.0 6.00 38.00 44.00 NOTE
r-oldrel-macos-x86_64 1.0 OK
r-oldrel-windows-ix86+x86_64 1.0 5.00 54.00 59.00 OK

Check Details

Version: 1.0
Check: LazyData
Result: NOTE
     'LazyData' is specified without a 'data' directory
Flavors: r-devel-linux-x86_64-debian-clang, r-devel-linux-x86_64-debian-gcc, r-devel-linux-x86_64-fedora-clang, r-devel-linux-x86_64-fedora-gcc, r-devel-windows-x86_64-new-UL, r-devel-windows-x86_64-new-TK, r-devel-windows-x86_64-old, r-patched-linux-x86_64, r-patched-solaris-x86, r-release-linux-x86_64, r-release-macos-arm64, r-release-macos-x86_64, r-release-windows-ix86+x86_64