CRAN Package Check Results for Package SixSigma

Last updated on 2024-04-13 21:41:50 CEST.

Flavor Version Tinstall Tcheck Ttotal Status Flags
r-devel-linux-x86_64-debian-clang 0.11.1 9.51 97.38 106.89 NOTE
r-devel-linux-x86_64-debian-gcc 0.11.1 7.08 73.01 80.09 NOTE
r-devel-linux-x86_64-fedora-clang 0.11.1 132.23 NOTE
r-devel-linux-x86_64-fedora-gcc 0.11.1 140.89 NOTE
r-devel-windows-x86_64 0.11.1 8.00 115.00 123.00 NOTE
r-patched-linux-x86_64 0.11.1 5.73 94.36 100.09 NOTE
r-release-linux-x86_64 0.11.1 5.63 95.72 101.35 OK
r-release-macos-arm64 0.11.1 51.00 OK
r-release-macos-x86_64 0.11.1 90.00 OK
r-release-windows-x86_64 0.11.1 11.00 125.00 136.00 OK
r-oldrel-macos-arm64 0.11.1 49.00 OK
r-oldrel-windows-x86_64 0.11.1 12.00 121.00 133.00 OK

Check Details

Version: 0.11.1
Check: Rd files
Result: NOTE checkRd: (-1) ss.cc.Rd:44: Lost braces in \itemize; meant \describe ? checkRd: (-1) ss.ci.Rd:26: Lost braces 26 | \item{alpha}{The eqn{\\alpha} error used to compute the \eqn{100*(1-\\alpha)\%} confidence interval} | ^ checkRd: (-1) ss.rr.Rd:84: Lost braces; missing escapes or markup? 84 | $MS_{factor}/MS_{interaction}$, e.g. in appendix A of AIAG MSA manual, | ^ checkRd: (-1) ss.rr.Rd:84: Lost braces; missing escapes or markup? 84 | $MS_{factor}/MS_{interaction}$, e.g. in appendix A of AIAG MSA manual, | ^ checkRd: (-1) ss.rr.Rd:87: Lost braces; missing escapes or markup? 87 | F test is performed as $MS_{factor}/MS_{equipment}$, i.e., repeatability. | ^ checkRd: (-1) ss.rr.Rd:87: Lost braces; missing escapes or markup? 87 | F test is performed as $MS_{factor}/MS_{equipment}$, i.e., repeatability. | ^ Flavors: r-devel-linux-x86_64-debian-clang, r-devel-linux-x86_64-debian-gcc, r-devel-linux-x86_64-fedora-clang, r-devel-linux-x86_64-fedora-gcc, r-devel-windows-x86_64, r-patched-linux-x86_64