CRAN Package Check Results for Package SlaPMEG

Last updated on 2022-01-17 22:54:52 CET.

Flavor Version Tinstall Tcheck Ttotal Status Flags
r-devel-linux-x86_64-debian-clang 1.0.1 27.83 253.02 280.85 OK
r-devel-linux-x86_64-debian-gcc 1.0.1 21.51 191.15 212.66 OK
r-devel-linux-x86_64-fedora-clang 1.0.1 340.58 OK
r-devel-linux-x86_64-fedora-gcc 1.0.1 324.53 OK
r-devel-windows-x86_64-new-UL 1.0.1 42.00 258.00 300.00 OK
r-devel-windows-x86_64-new-TK 1.0.1 ERROR
r-patched-linux-x86_64 1.0.1 30.75 239.71 270.46 OK
r-release-linux-x86_64 1.0.1 OK
r-release-macos-arm64 1.0.1 OK
r-release-macos-x86_64 1.0.1 OK
r-release-windows-ix86+x86_64 1.0.1 62.00 267.00 329.00 OK
r-oldrel-macos-x86_64 1.0.1 OK
r-oldrel-windows-ix86+x86_64 1.0.1 54.00 228.00 282.00 OK

Check Details

Version: 1.0.1
Check: package dependencies
Result: ERROR
    Package required but not available: 'lme4'
    
    See section 'The DESCRIPTION file' in the 'Writing R Extensions'
    manual.
Flavor: r-devel-windows-x86_64-new-TK