CRAN Package Check Results for Package Sleuth3

Last updated on 2022-01-20 22:54:18 CET.

Flavor Version Tinstall Tcheck Ttotal Status Flags
r-devel-linux-x86_64-debian-clang 1.0-3 OK
r-devel-linux-x86_64-debian-gcc 1.0-3 3.75 174.40 178.15 OK
r-devel-linux-x86_64-fedora-clang 1.0-3 293.55 NOTE
r-devel-linux-x86_64-fedora-gcc 1.0-3 283.56 OK
r-devel-windows-x86_64-new-UL 1.0-3 286.00 534.00 820.00 NOTE
r-devel-windows-x86_64-new-TK 1.0-3 OK
r-patched-linux-x86_64 1.0-3 9.76 267.48 277.24 OK
r-release-linux-x86_64 1.0-3 4.99 269.16 274.15 OK
r-release-macos-arm64 1.0-3 NOTE
r-release-macos-x86_64 1.0-3 NOTE
r-release-windows-ix86+x86_64 1.0-3 12.00 516.00 528.00 NOTE
r-oldrel-macos-x86_64 1.0-3 NOTE
r-oldrel-windows-ix86+x86_64 1.0-3 11.00 455.00 466.00 NOTE

Check Details

Version: 1.0-3
Check: installed package size
Result: NOTE
     installed size is 5.1Mb
     sub-directories of 1Mb or more:
     doc 3.7Mb
Flavors: r-devel-linux-x86_64-fedora-clang, r-devel-windows-x86_64-new-UL, r-release-macos-arm64, r-release-macos-x86_64, r-release-windows-ix86+x86_64, r-oldrel-macos-x86_64, r-oldrel-windows-ix86+x86_64