CRAN Package Check Results for Package SmartMeterAnalytics

Last updated on 2022-01-27 23:01:18 CET.

Flavor Version Tinstall Tcheck Ttotal Status Flags
r-devel-linux-x86_64-debian-clang 1.0.3 5.32 49.26 54.58 NOTE
r-devel-linux-x86_64-debian-gcc 1.0.3 4.58 38.31 42.89 NOTE
r-devel-linux-x86_64-fedora-clang 1.0.3 67.16 NOTE
r-devel-linux-x86_64-fedora-gcc 1.0.3 56.27 NOTE
r-devel-windows-x86_64-new-UL 1.0.3 184.00 69.00 253.00 NOTE
r-devel-windows-x86_64-new-TK 1.0.3 NOTE
r-patched-linux-x86_64 1.0.3 7.66 47.58 55.24 NOTE
r-release-linux-x86_64 1.0.3 5.50 46.81 52.31 NOTE
r-release-macos-arm64 1.0.3 NOTE
r-release-macos-x86_64 1.0.3 NOTE
r-release-windows-ix86+x86_64 1.0.3 12.00 59.00 71.00 NOTE
r-oldrel-macos-x86_64 1.0.3 OK
r-oldrel-windows-ix86+x86_64 1.0.3 12.00 59.00 71.00 OK

Check Details

Version: 1.0.3
Check: LazyData
Result: NOTE
     'LazyData' is specified without a 'data' directory
Flavors: r-devel-linux-x86_64-debian-clang, r-devel-linux-x86_64-debian-gcc, r-devel-linux-x86_64-fedora-clang, r-devel-linux-x86_64-fedora-gcc, r-devel-windows-x86_64-new-UL, r-devel-windows-x86_64-new-TK, r-patched-linux-x86_64, r-release-linux-x86_64, r-release-macos-arm64, r-release-macos-x86_64, r-release-windows-ix86+x86_64