CRAN Package Check Results for Package SmarterPoland

Last updated on 2022-01-27 23:01:18 CET.

Flavor Version Tinstall Tcheck Ttotal Status Flags
r-devel-linux-x86_64-debian-clang 1.8 60.39 76.71 137.10 OK
r-devel-linux-x86_64-debian-gcc 1.8 56.95 58.44 115.39 OK
r-devel-linux-x86_64-fedora-clang 1.8 178.67 NOTE
r-devel-linux-x86_64-fedora-gcc 1.8 168.07 NOTE
r-devel-windows-x86_64-new-UL 1.8 83.00 93.00 176.00 OK
r-devel-windows-x86_64-new-TK 1.8 NOTE
r-patched-linux-x86_64 1.8 63.35 68.23 131.58 OK
r-release-linux-x86_64 1.8 55.71 69.49 125.20 OK
r-release-macos-arm64 1.8 NOTE
r-release-macos-x86_64 1.8 NOTE
r-release-windows-ix86+x86_64 1.8 91.00 84.00 175.00 OK
r-oldrel-macos-x86_64 1.8 NOTE
r-oldrel-windows-ix86+x86_64 1.8 91.00 87.00 178.00 OK

Check Details

Version: 1.8
Check: data for non-ASCII characters
Result: NOTE
     Note: found 1122 marked UTF-8 strings
Flavors: r-devel-linux-x86_64-fedora-clang, r-devel-linux-x86_64-fedora-gcc, r-devel-windows-x86_64-new-TK, r-release-macos-arm64, r-release-macos-x86_64, r-oldrel-macos-x86_64

Version: 1.8
Check: installed package size
Result: NOTE
     installed size is 5.2Mb
     sub-directories of 1Mb or more:
     data 5.0Mb
Flavor: r-release-macos-arm64