Last updated on 2023-03-23 22:52:45 CET.
Flavor | Version | Tinstall | Tcheck | Ttotal | Status | Flags |
---|---|---|---|---|---|---|
r-devel-linux-x86_64-debian-clang | 1.0.0 | 4.20 | 159.70 | 163.90 | OK | |
r-devel-linux-x86_64-debian-gcc | 1.0.0 | 3.31 | 118.53 | 121.84 | OK | |
r-devel-linux-x86_64-fedora-clang | 1.0.0 | 212.29 | OK | |||
r-devel-linux-x86_64-fedora-gcc | 1.0.0 | 220.75 | OK | |||
r-devel-windows-x86_64 | 1.0.0 | 17.00 | 231.00 | 248.00 | OK | |
r-patched-linux-x86_64 | 1.0.0 | 3.83 | 157.34 | 161.17 | OK | |
r-release-linux-x86_64 | 1.0.0 | 4.45 | 153.44 | 157.89 | OK | |
r-release-macos-arm64 | 1.0.0 | 55.00 | OK | |||
r-release-macos-x86_64 | 1.0.0 | 75.00 | OK | |||
r-release-windows-x86_64 | 1.0.0 | 23.00 | 227.00 | 250.00 | OK | |
r-oldrel-macos-arm64 | 1.0.0 | 63.00 | OK | |||
r-oldrel-macos-x86_64 | 1.0.0 | 103.00 | OK | |||
r-oldrel-windows-ix86+x86_64 | 1.0.0 | 12.00 | 216.00 | 228.00 | WARN |
Version: 1.0.0
Check: re-building of vignette outputs
Result: WARN
Error(s) in re-building vignettes:
--- re-building 'SongEvo.Rmd' using rmarkdown
! Package pdftex.def Error: File `d:/RCompile/CRANpkg/local/4.1/SongEvo.Rcheck/
vign_test/SongEvo/vignettes/SongEvo_files/figure-latex/Examine\%20population\%2
0size\%20over\%20time-1.pdf' not found.
Error: processing vignette 'SongEvo.Rmd' failed with diagnostics:
LaTeX failed to compile d:/RCompile/CRANpkg/local/4.1/SongEvo.Rcheck/vign_test/SongEvo/vignettes/SongEvo.tex. See https://yihui.org/tinytex/r/#debugging for debugging tips. See SongEvo.log for more info.
--- failed re-building 'SongEvo.Rmd'
SUMMARY: processing the following file failed:
'SongEvo.Rmd'
Error: Vignette re-building failed.
Execution halted
Flavor: r-oldrel-windows-ix86+x86_64