CRAN Package Check Results for Package StabilizedRegression

Last updated on 2022-01-20 22:54:19 CET.

Flavor Version Tinstall Tcheck Ttotal Status Flags
r-devel-linux-x86_64-debian-clang 1.0 NOTE
r-devel-linux-x86_64-debian-gcc 1.0 9.03 79.45 88.48 NOTE
r-devel-linux-x86_64-fedora-clang 1.0 140.65 NOTE
r-devel-linux-x86_64-fedora-gcc 1.0 126.84 NOTE
r-devel-windows-x86_64-new-UL 1.0 90.00 127.00 217.00 NOTE
r-devel-windows-x86_64-new-TK 1.0 NOTE
r-patched-linux-x86_64 1.0 11.81 99.69 111.50 NOTE
r-release-linux-x86_64 1.0 10.91 98.02 108.93 NOTE
r-release-macos-arm64 1.0 NOTE
r-release-macos-x86_64 1.0 NOTE
r-release-windows-ix86+x86_64 1.0 25.00 119.00 144.00 NOTE
r-oldrel-macos-x86_64 1.0 OK
r-oldrel-windows-ix86+x86_64 1.0 27.00 117.00 144.00 OK

Check Details

Version: 1.0
Check: LazyData
Result: NOTE
     'LazyData' is specified without a 'data' directory
Flavors: r-devel-linux-x86_64-debian-clang, r-devel-linux-x86_64-debian-gcc, r-devel-linux-x86_64-fedora-clang, r-devel-linux-x86_64-fedora-gcc, r-devel-windows-x86_64-new-UL, r-devel-windows-x86_64-new-TK, r-patched-linux-x86_64, r-release-linux-x86_64, r-release-macos-arm64, r-release-macos-x86_64, r-release-windows-ix86+x86_64