CRAN Package Check Results for Package StanHeaders

Last updated on 2022-01-23 22:49:56 CET.

Flavor Version Tinstall Tcheck Ttotal Status Flags
r-devel-linux-x86_64-debian-clang 2.21.0-7 29.00 494.56 523.56 OK
r-devel-linux-x86_64-debian-gcc 2.21.0-7 21.15 385.39 406.54 OK
r-devel-linux-x86_64-fedora-clang 2.21.0-7 645.33 NOTE
r-devel-linux-x86_64-fedora-gcc 2.21.0-7 650.53 OK
r-devel-windows-x86_64-new-UL 2.21.0-7 3261.00 593.00 3854.00 NOTE
r-devel-windows-x86_64-new-TK 2.21.0-7 OK
r-patched-linux-x86_64 2.21.0-7 22.33 491.04 513.37 OK
r-release-linux-x86_64 2.21.0-7 24.38 488.53 512.91 OK
r-release-macos-arm64 2.21.0-7 NOTE
r-release-macos-x86_64 2.21.0-7 NOTE
r-release-windows-ix86+x86_64 2.21.0-7 94.00 542.00 636.00 NOTE
r-oldrel-macos-x86_64 2.21.0-7 NOTE
r-oldrel-windows-ix86+x86_64 2.21.0-7 94.00 575.00 669.00 NOTE

Check Details

Version: 2.21.0-7
Check: installed package size
Result: NOTE
     installed size is 13.9Mb
     sub-directories of 1Mb or more:
     include 10.7Mb
     lib 3.0Mb
Flavors: r-devel-linux-x86_64-fedora-clang, r-devel-windows-x86_64-new-UL, r-release-macos-arm64, r-release-macos-x86_64, r-release-windows-ix86+x86_64, r-oldrel-macos-x86_64, r-oldrel-windows-ix86+x86_64