CRAN Package Check Results for Package SteppedPower

Last updated on 2022-01-22 22:52:27 CET.

Flavor Version Tinstall Tcheck Ttotal Status Flags
r-devel-linux-x86_64-debian-clang 0.3.1 12.27 142.56 154.83 OK
r-devel-linux-x86_64-debian-gcc 0.3.1 9.36 107.14 116.50 OK
r-devel-linux-x86_64-fedora-clang 0.3.1 190.52 NOTE
r-devel-linux-x86_64-fedora-gcc 0.3.1 172.11 OK
r-devel-windows-x86_64-new-UL 0.3.1 74.00 170.00 244.00 NOTE
r-devel-windows-x86_64-new-TK 0.3.1 OK
r-patched-linux-x86_64 0.3.1 12.72 137.09 149.81 OK
r-release-linux-x86_64 0.3.1 7.98 134.47 142.45 OK
r-release-macos-arm64 0.3.1 NOTE
r-release-macos-x86_64 0.3.1 NOTE
r-release-windows-ix86+x86_64 0.3.1 28.00 164.00 192.00 NOTE
r-oldrel-macos-x86_64 0.3.1 NOTE
r-oldrel-windows-ix86+x86_64 0.3.1 28.00 173.00 201.00 NOTE

Check Details

Version: 0.3.1
Check: installed package size
Result: NOTE
     installed size is 5.2Mb
     sub-directories of 1Mb or more:
     doc 5.0Mb
Flavors: r-devel-linux-x86_64-fedora-clang, r-devel-windows-x86_64-new-UL, r-release-macos-arm64, r-release-macos-x86_64, r-release-windows-ix86+x86_64, r-oldrel-macos-x86_64, r-oldrel-windows-ix86+x86_64