CRAN Package Check Results for Package StrathE2E2

Last updated on 2022-01-17 22:54:53 CET.

Flavor Version Tinstall Tcheck Ttotal Status Flags
r-devel-linux-x86_64-debian-clang 3.3.0 46.74 283.59 330.33 NOTE
r-devel-linux-x86_64-debian-gcc 3.3.0 40.44 214.78 255.22 NOTE
r-devel-linux-x86_64-fedora-clang 3.3.0 409.08 NOTE
r-devel-linux-x86_64-fedora-gcc 3.3.0 404.00 NOTE
r-devel-windows-x86_64-new-UL 3.3.0 1179.00 321.00 1500.00 NOTE
r-devel-windows-x86_64-new-TK 3.3.0 NOTE
r-patched-linux-x86_64 3.3.0 47.88 282.19 330.07 NOTE
r-release-linux-x86_64 3.3.0 NOTE
r-release-macos-arm64 3.3.0 NOTE
r-release-macos-x86_64 3.3.0 NOTE
r-release-windows-ix86+x86_64 3.3.0 88.00 590.00 678.00 NOTE
r-oldrel-macos-x86_64 3.3.0 NOTE
r-oldrel-windows-ix86+x86_64 3.3.0 87.00 503.00 590.00 NOTE

Check Details

Version: 3.3.0
Check: package dependencies
Result: NOTE
    Package suggested but not available for checking: 'StrathE2E2examples'
Flavors: r-devel-linux-x86_64-debian-clang, r-devel-linux-x86_64-debian-gcc, r-devel-linux-x86_64-fedora-clang, r-devel-linux-x86_64-fedora-gcc, r-devel-windows-x86_64-new-UL, r-devel-windows-x86_64-new-TK, r-patched-linux-x86_64, r-release-linux-x86_64, r-release-macos-arm64, r-release-macos-x86_64, r-release-windows-ix86+x86_64, r-oldrel-macos-x86_64, r-oldrel-windows-ix86+x86_64

Version: 3.3.0
Check: LazyData
Result: NOTE
     'LazyData' is specified without a 'data' directory
Flavors: r-devel-linux-x86_64-debian-clang, r-devel-linux-x86_64-debian-gcc, r-devel-linux-x86_64-fedora-clang, r-devel-linux-x86_64-fedora-gcc, r-devel-windows-x86_64-new-UL, r-devel-windows-x86_64-new-TK, r-patched-linux-x86_64, r-release-linux-x86_64, r-release-macos-arm64, r-release-macos-x86_64, r-release-windows-ix86+x86_64