CRAN Package Check Results for Package StratifiedRF

Last updated on 2021-11-29 22:59:26 CET.

Flavor Version Tinstall Tcheck Ttotal Status Flags
r-devel-linux-x86_64-debian-clang 0.2.2 10.37 85.07 95.44 NOTE
r-devel-linux-x86_64-debian-gcc 0.2.2 7.75 64.37 72.12 NOTE
r-devel-linux-x86_64-fedora-clang 0.2.2 124.35 NOTE
r-devel-linux-x86_64-fedora-gcc 0.2.2 109.60 NOTE
r-devel-windows-x86_64-new-UL 0.2.2 18.00 120.00 138.00 NOTE
r-devel-windows-x86_64-new-TK 0.2.2 NOTE
r-devel-windows-x86_64-old 0.2.2 16.00 82.00 98.00 NOTE
r-patched-linux-x86_64 0.2.2 10.20 78.17 88.37 NOTE
r-patched-solaris-x86 0.2.2 156.60 NOTE
r-release-linux-x86_64 0.2.2 10.29 78.68 88.97 NOTE
r-release-macos-arm64 0.2.2 NOTE
r-release-macos-x86_64 0.2.2 NOTE
r-release-windows-ix86+x86_64 0.2.2 24.00 74.00 98.00 NOTE
r-oldrel-macos-x86_64 0.2.2 OK
r-oldrel-windows-ix86+x86_64 0.2.2 16.00 88.00 104.00 OK

Check Details

Version: 0.2.2
Check: LazyData
Result: NOTE
     'LazyData' is specified without a 'data' directory
Flavors: r-devel-linux-x86_64-debian-clang, r-devel-linux-x86_64-debian-gcc, r-devel-linux-x86_64-fedora-clang, r-devel-linux-x86_64-fedora-gcc, r-devel-windows-x86_64-new-UL, r-devel-windows-x86_64-new-TK, r-devel-windows-x86_64-old, r-patched-linux-x86_64, r-patched-solaris-x86, r-release-linux-x86_64, r-release-macos-arm64, r-release-macos-x86_64, r-release-windows-ix86+x86_64