CRAN Package Check Results for Package SubgrPlots

Last updated on 2022-01-21 23:02:07 CET.

Flavor Version Tinstall Tcheck Ttotal Status Flags
r-devel-linux-x86_64-debian-clang 0.1.3 35.26 331.68 366.94 OK
r-devel-linux-x86_64-debian-gcc 0.1.3 30.51 247.21 277.72 OK
r-devel-linux-x86_64-fedora-clang 0.1.3 436.33 NOTE
r-devel-linux-x86_64-fedora-gcc 0.1.3 423.11 NOTE
r-devel-windows-x86_64-new-UL 0.1.3 85.00 691.00 776.00 OK
r-devel-windows-x86_64-new-TK 0.1.3 NOTE
r-patched-linux-x86_64 0.1.3 29.45 304.59 334.04 OK
r-release-linux-x86_64 0.1.3 28.77 304.15 332.92 OK
r-release-macos-arm64 0.1.3 NOTE
r-release-macos-x86_64 0.1.3 NOTE
r-release-windows-ix86+x86_64 0.1.3 58.00 365.00 423.00 OK
r-oldrel-macos-x86_64 0.1.3 NOTE
r-oldrel-windows-ix86+x86_64 0.1.3 58.00 369.00 427.00 OK

Check Details

Version: 0.1.3
Check: dependencies in R code
Result: NOTE
    Namespaces in Imports field not imported from:
     ‘UpSetR’ ‘alluvial’ ‘gridBase’
     All declared Imports should be used.
Flavors: r-devel-linux-x86_64-fedora-clang, r-devel-linux-x86_64-fedora-gcc, r-devel-windows-x86_64-new-TK, r-release-macos-arm64, r-release-macos-x86_64, r-oldrel-macos-x86_64