CRAN Package Check Results for Package SuperpixelImageSegmentation

Last updated on 2022-06-29 23:09:44 CEST.

Flavor Version Tinstall Tcheck Ttotal Status Flags
r-devel-linux-x86_64-debian-clang 1.0.5 63.57 44.86 108.43 OK
r-devel-linux-x86_64-debian-gcc 1.0.5 52.86 34.23 87.09 OK
r-devel-linux-x86_64-fedora-clang 1.0.5 162.44 WARN
r-devel-linux-x86_64-fedora-gcc 1.0.5 153.27 WARN
r-devel-windows-x86_64 1.0.5 323.00 102.00 425.00 OK
r-patched-linux-x86_64 1.0.5 56.59 43.44 100.03 OK
r-release-linux-x86_64 1.0.5 57.70 43.17 100.87 OK
r-release-macos-arm64 1.0.5 42.00 NOTE
r-release-macos-x86_64 1.0.5 69.00 NOTE
r-release-windows-x86_64 1.0.5 269.00 102.00 371.00 OK
r-oldrel-macos-arm64 1.0.5 36.00 NOTE
r-oldrel-macos-x86_64 1.0.5 49.00 NOTE
r-oldrel-windows-ix86+x86_64 1.0.5 144.00 114.00 258.00 OK

Check Details

Version: 1.0.5
Check: package dependencies
Result: WARN
    Requires (indirectly) orphaned package: ‘gtools’
Flavors: r-devel-linux-x86_64-fedora-clang, r-devel-linux-x86_64-fedora-gcc

Version: 1.0.5
Check: installed package size
Result: NOTE
     installed size is 5.7Mb
     sub-directories of 1Mb or more:
     libs 5.4Mb
Flavors: r-release-macos-arm64, r-release-macos-x86_64, r-oldrel-macos-arm64, r-oldrel-macos-x86_64