Last updated on 2023-05-29 23:03:58 CEST.
Flavor | Version | Tinstall | Tcheck | Ttotal | Status | Flags |
---|---|---|---|---|---|---|
r-devel-linux-x86_64-debian-clang | 1.0.5 | 56.43 | 42.62 | 99.05 | NOTE | |
r-devel-linux-x86_64-debian-gcc | 1.0.5 | 52.71 | 33.44 | 86.15 | NOTE | |
r-devel-linux-x86_64-fedora-clang | 1.0.5 | 144.67 | NOTE | |||
r-devel-linux-x86_64-fedora-gcc | 1.0.5 | 169.56 | NOTE | |||
r-devel-windows-x86_64 | 1.0.5 | 51.00 | 76.00 | 127.00 | NOTE | |
r-patched-linux-x86_64 | 1.0.5 | 54.78 | 41.20 | 95.98 | NOTE | |
r-release-linux-x86_64 | 1.0.5 | 56.55 | 42.12 | 98.67 | NOTE | |
r-release-macos-arm64 | 1.0.5 | 44.00 | NOTE | |||
r-release-macos-x86_64 | 1.0.5 | 69.00 | NOTE | |||
r-release-windows-x86_64 | 1.0.5 | 64.00 | 89.00 | 153.00 | NOTE | |
r-oldrel-macos-arm64 | 1.0.5 | 42.00 | NOTE | |||
r-oldrel-macos-x86_64 | 1.0.5 | 69.00 | NOTE | |||
r-oldrel-windows-x86_64 | 1.0.5 | 60.00 | 94.00 | 154.00 | OK |
Version: 1.0.5
Check: C++ specification
Result: NOTE
Specified C++11: please drop specification unless essential
Flavors: r-devel-linux-x86_64-debian-clang, r-devel-linux-x86_64-debian-gcc, r-devel-linux-x86_64-fedora-clang, r-devel-linux-x86_64-fedora-gcc, r-devel-windows-x86_64, r-patched-linux-x86_64, r-release-linux-x86_64, r-release-macos-arm64, r-release-macos-x86_64, r-release-windows-x86_64
Version: 1.0.5
Check: installed package size
Result: NOTE
installed size is 5.8Mb
sub-directories of 1Mb or more:
libs 5.6Mb
Flavors: r-release-macos-arm64, r-release-macos-x86_64, r-oldrel-macos-arm64, r-oldrel-macos-x86_64