CRAN Package Check Results for Package SurfaceTortoise

Last updated on 2022-05-15 22:51:50 CEST.

Flavor Version Tinstall Tcheck Ttotal Status Flags
r-devel-linux-x86_64-debian-clang 1.0.2 32.22 267.55 299.77 NOTE
r-devel-linux-x86_64-debian-gcc 1.0.2 22.63 196.93 219.56 NOTE
r-devel-linux-x86_64-fedora-clang 1.0.2 348.21 NOTE
r-devel-linux-x86_64-fedora-gcc 1.0.2 342.03 NOTE
r-devel-windows-x86_64 1.0.2 31.00 243.00 274.00 NOTE
r-patched-linux-x86_64 1.0.2 25.88 256.51 282.39 NOTE
r-release-linux-x86_64 1.0.2 26.29 261.23 287.52 NOTE
r-release-macos-arm64 1.0.2 73.00 NOTE
r-release-macos-x86_64 1.0.2 104.00 NOTE
r-release-windows-x86_64 1.0.2 30.00 244.00 274.00 NOTE
r-oldrel-macos-arm64 1.0.2 40.00 NOTE
r-oldrel-macos-x86_64 1.0.2 70.00 NOTE
r-oldrel-windows-ix86+x86_64 1.0.2 62.00 251.00 313.00 NOTE

Check Details

Version: 1.0.2
Check: LazyData
Result: NOTE
     'LazyData' is specified without a 'data' directory
Flavors: r-devel-linux-x86_64-debian-clang, r-devel-linux-x86_64-debian-gcc, r-devel-linux-x86_64-fedora-clang, r-devel-linux-x86_64-fedora-gcc, r-devel-windows-x86_64, r-patched-linux-x86_64, r-release-linux-x86_64, r-release-macos-arm64, r-release-macos-x86_64, r-release-windows-x86_64, r-oldrel-macos-arm64, r-oldrel-macos-x86_64, r-oldrel-windows-ix86+x86_64