CRAN Package Check Results for Package T4cluster

Last updated on 2021-11-28 22:51:30 CET.

Flavor Version Tinstall Tcheck Ttotal Status Flags
r-devel-linux-x86_64-debian-clang 0.1.2 OK
r-devel-linux-x86_64-debian-gcc 0.1.2 164.89 134.86 299.75 OK
r-devel-linux-x86_64-fedora-clang 0.1.2 12.55 ERROR
r-devel-linux-x86_64-fedora-gcc 0.1.2 520.58 OK
r-devel-windows-x86_64-new-UL 0.1.2 274.00 447.00 721.00 OK
r-devel-windows-x86_64-new-TK 0.1.2 OK
r-devel-windows-x86_64-old 0.1.2 244.00 236.00 480.00 OK
r-patched-linux-x86_64 0.1.2 197.14 167.84 364.98 OK
r-patched-solaris-x86 0.1.2 497.30 OK
r-release-linux-x86_64 0.1.2 197.73 169.03 366.76 OK
r-release-macos-arm64 0.1.2 NOTE
r-release-macos-x86_64 0.1.2 NOTE
r-release-windows-ix86+x86_64 0.1.2 534.00 218.00 752.00 OK
r-oldrel-macos-x86_64 0.1.2 NOTE
r-oldrel-windows-ix86+x86_64 0.1.2 533.00 301.00 834.00 OK

Check Details

Version: 0.1.2
Check: package dependencies
Result: ERROR
    Package required but not available: ‘Rdimtools’
    
    See section ‘The DESCRIPTION file’ in the ‘Writing R Extensions’
    manual.
Flavor: r-devel-linux-x86_64-fedora-clang

Version: 0.1.2
Check: installed package size
Result: NOTE
     installed size is 14.5Mb
     sub-directories of 1Mb or more:
     libs 14.0Mb
Flavors: r-release-macos-arm64, r-release-macos-x86_64, r-oldrel-macos-x86_64