CRAN Package Check Results for Package TAM

Last updated on 2021-12-01 22:53:27 CET.

Flavor Version Tinstall Tcheck Ttotal Status Flags
r-devel-linux-x86_64-debian-clang 3.7-16 217.14 196.77 413.91 OK
r-devel-linux-x86_64-debian-gcc 3.7-16 155.66 142.75 298.41 OK
r-devel-linux-x86_64-fedora-clang 3.7-16 632.99 NOTE
r-devel-linux-x86_64-fedora-gcc 3.7-16 558.99 OK
r-devel-windows-x86_64-new-UL 3.7-16 300.00 490.00 790.00 OK
r-devel-windows-x86_64-new-TK 3.7-16 OK
r-devel-windows-x86_64-old 3.7-16 287.00 182.00 469.00 OK
r-patched-linux-x86_64 3.7-16 190.97 187.37 378.34 OK
r-patched-solaris-x86 3.7-16 482.60 OK
r-release-linux-x86_64 3.7-16 190.64 188.41 379.05 OK
r-release-macos-arm64 3.7-16 NOTE
r-release-macos-x86_64 3.7-16 NOTE
r-release-windows-ix86+x86_64 3.7-16 519.00 271.00 790.00 OK
r-oldrel-macos-x86_64 3.7-16 NOTE
r-oldrel-windows-ix86+x86_64 3.7-16 510.00 316.00 826.00 OK

Check Details

Version: 3.7-16
Check: installed package size
Result: NOTE
     installed size is 6.8Mb
     sub-directories of 1Mb or more:
     R 1.3Mb
     libs 4.5Mb
Flavors: r-devel-linux-x86_64-fedora-clang, r-release-macos-arm64, r-release-macos-x86_64, r-oldrel-macos-x86_64

Version: 3.7-16
Check: Rd cross-references
Result: NOTE
    Undeclared package ‘mirt’ in Rd xrefs
Flavor: r-devel-linux-x86_64-fedora-clang