CRAN Package Check Results for Package TCIApathfinder

Last updated on 2022-01-17 22:54:53 CET.

Flavor Version Tinstall Tcheck Ttotal Status Flags
r-devel-linux-x86_64-debian-clang 1.0.6 1.93 34.74 36.67 NOTE
r-devel-linux-x86_64-debian-gcc 1.0.6 1.57 27.64 29.21 NOTE
r-devel-linux-x86_64-fedora-clang 1.0.6 46.98 NOTE
r-devel-linux-x86_64-fedora-gcc 1.0.6 36.16 NOTE
r-devel-windows-x86_64-new-UL 1.0.6 93.00 57.00 150.00 NOTE
r-devel-windows-x86_64-new-TK 1.0.6 NOTE
r-patched-linux-x86_64 1.0.6 3.07 34.83 37.90 NOTE
r-release-linux-x86_64 1.0.6 NOTE
r-release-macos-arm64 1.0.6 NOTE
r-release-macos-x86_64 1.0.6 NOTE
r-release-windows-ix86+x86_64 1.0.6 6.00 44.00 50.00 NOTE
r-oldrel-macos-x86_64 1.0.6 OK
r-oldrel-windows-ix86+x86_64 1.0.6 5.00 44.00 49.00 OK

Check Details

Version: 1.0.6
Check: LazyData
Result: NOTE
     'LazyData' is specified without a 'data' directory
Flavors: r-devel-linux-x86_64-debian-clang, r-devel-linux-x86_64-debian-gcc, r-devel-linux-x86_64-fedora-clang, r-devel-linux-x86_64-fedora-gcc, r-devel-windows-x86_64-new-UL, r-devel-windows-x86_64-new-TK, r-patched-linux-x86_64, r-release-linux-x86_64, r-release-macos-arm64, r-release-macos-x86_64, r-release-windows-ix86+x86_64