CRAN Package Check Results for Package TDMR

Last updated on 2022-01-25 22:57:12 CET.

Flavor Version Tinstall Tcheck Ttotal Status Flags
r-devel-linux-x86_64-debian-clang 2.2 22.59 167.62 190.21 OK
r-devel-linux-x86_64-debian-gcc 2.2 17.94 137.36 155.30 OK
r-devel-linux-x86_64-fedora-clang 2.2 222.69 OK
r-devel-linux-x86_64-fedora-gcc 2.2 217.71 OK
r-devel-windows-x86_64-new-UL 2.2 124.00 178.00 302.00 OK
r-devel-windows-x86_64-new-TK 2.2 ERROR
r-patched-linux-x86_64 2.2 26.30 155.23 181.53 OK
r-release-linux-x86_64 2.2 18.76 154.13 172.89 OK
r-release-macos-arm64 2.2 OK
r-release-macos-x86_64 2.2 OK
r-release-windows-ix86+x86_64 2.2 38.00 548.00 586.00 OK
r-oldrel-macos-x86_64 2.2 OK
r-oldrel-windows-ix86+x86_64 2.2 39.00 553.00 592.00 OK

Check Details

Version: 2.2
Check: package dependencies
Result: ERROR
    Package required but not available: 'SPOT'
    
    See section 'The DESCRIPTION file' in the 'Writing R Extensions'
    manual.
Flavor: r-devel-windows-x86_64-new-TK