CRAN Package Check Results for Package TFMPvalue

Last updated on 2022-05-21 22:58:27 CEST.

Flavor Version Tinstall Tcheck Ttotal Status Flags
r-devel-linux-x86_64-debian-clang 0.0.8 19.47 36.72 56.19 NOTE
r-devel-linux-x86_64-debian-gcc 0.0.8 13.21 28.15 41.36 NOTE
r-devel-linux-x86_64-fedora-clang 0.0.8 77.02 NOTE
r-devel-linux-x86_64-fedora-gcc 0.0.8 64.33 NOTE
r-devel-windows-x86_64 0.0.8 35.00 71.00 106.00 NOTE
r-patched-linux-x86_64 0.0.8 14.21 35.17 49.38 NOTE
r-release-linux-x86_64 0.0.8 13.91 34.65 48.56 NOTE
r-release-macos-arm64 0.0.8 22.00 NOTE
r-release-macos-x86_64 0.0.8 30.00 NOTE
r-release-windows-x86_64 0.0.8 29.00 71.00 100.00 NOTE
r-oldrel-macos-arm64 0.0.8 27.00 NOTE
r-oldrel-macos-x86_64 0.0.8 36.00 NOTE
r-oldrel-windows-ix86+x86_64 0.0.8 47.00 69.00 116.00 NOTE

Check Details

Version: 0.0.8
Check: LazyData
Result: NOTE
     'LazyData' is specified without a 'data' directory
Flavors: r-devel-linux-x86_64-debian-clang, r-devel-linux-x86_64-debian-gcc, r-devel-linux-x86_64-fedora-clang, r-devel-linux-x86_64-fedora-gcc, r-devel-windows-x86_64, r-patched-linux-x86_64, r-release-linux-x86_64, r-release-macos-arm64, r-release-macos-x86_64, r-release-windows-x86_64, r-oldrel-macos-arm64, r-oldrel-macos-x86_64, r-oldrel-windows-ix86+x86_64