CRAN Package Check Results for Package TSS.RESTREND

Last updated on 2022-01-23 22:49:57 CET.

Flavor Version Tinstall Tcheck Ttotal Status Flags
r-devel-linux-x86_64-debian-clang 0.3.1 11.70 91.19 102.89 OK
r-devel-linux-x86_64-debian-gcc 0.3.1 7.99 76.73 84.72 OK
r-devel-linux-x86_64-fedora-clang 0.3.1 122.95 NOTE
r-devel-linux-x86_64-fedora-gcc 0.3.1 107.94 OK
r-devel-windows-x86_64-new-UL 0.3.1 71.00 109.00 180.00 OK
r-devel-windows-x86_64-new-TK 0.3.1 NOTE
r-patched-linux-x86_64 0.3.1 10.55 85.03 95.58 OK
r-release-linux-x86_64 0.3.1 7.91 83.58 91.49 OK
r-release-macos-arm64 0.3.1 OK
r-release-macos-x86_64 0.3.1 OK
r-release-windows-ix86+x86_64 0.3.1 24.00 113.00 137.00 OK
r-oldrel-macos-x86_64 0.3.1 OK
r-oldrel-windows-ix86+x86_64 0.3.1 24.00 104.00 128.00 OK

Check Details

Version: 0.3.1
Check: Rd cross-references
Result: NOTE
    Undeclared package ‘gimms’ in Rd xrefs
Flavor: r-devel-linux-x86_64-fedora-clang

Version: 0.3.1
Check: package dependencies
Result: NOTE
    Package suggested but not available for checking: 'car'
Flavor: r-devel-windows-x86_64-new-TK