CRAN Package Check Results for Package TidyConsultant

Last updated on 2023-06-01 23:00:20 CEST.

Flavor Version Tinstall Tcheck Ttotal Status Flags
r-devel-linux-x86_64-debian-clang 0.1.0 2.77 22.37 25.14 OK
r-devel-linux-x86_64-debian-gcc 0.1.0 2.31 17.90 20.21 OK
r-devel-linux-x86_64-fedora-clang 0.1.0 32.67 NOTE
r-devel-linux-x86_64-fedora-gcc 0.1.0 33.26 NOTE
r-devel-windows-x86_64 0.1.0 5.00 117.00 122.00 OK
r-patched-linux-x86_64 0.1.0 OK
r-release-linux-x86_64 0.1.0 2.92 21.92 24.84 OK
r-release-macos-arm64 0.1.0 17.00 OK
r-release-macos-x86_64 0.1.0 21.00 OK
r-release-windows-x86_64 0.1.0 6.00 49.00 55.00 OK
r-oldrel-macos-arm64 0.1.0 17.00 NOTE
r-oldrel-macos-x86_64 0.1.0 25.00 NOTE
r-oldrel-windows-x86_64 0.1.0 6.00 132.00 138.00 OK

Check Details

Version: 0.1.0
Check: dependencies in R code
Result: NOTE
    Namespaces in Imports field not imported from:
     ‘autostats’ ‘badger’ ‘framecleaner’ ‘presenter’ ‘tidybins’ ‘validata’
     All declared Imports should be used.
Flavors: r-devel-linux-x86_64-fedora-clang, r-devel-linux-x86_64-fedora-gcc, r-oldrel-macos-arm64, r-oldrel-macos-x86_64