CRAN Package Check Results for Package TopKLists

Last updated on 2022-01-24 22:56:44 CET.

Flavor Version Tinstall Tcheck Ttotal Status Flags
r-devel-linux-x86_64-debian-clang 1.0.7 15.49 199.96 215.45 NOTE
r-devel-linux-x86_64-debian-gcc 1.0.7 10.54 161.88 172.42 NOTE
r-devel-linux-x86_64-fedora-clang 1.0.7 257.92 NOTE
r-devel-linux-x86_64-fedora-gcc 1.0.7 271.50 NOTE
r-devel-windows-x86_64-new-UL 1.0.7 53.00 224.00 277.00 OK
r-devel-windows-x86_64-new-TK 1.0.7 NOTE
r-patched-linux-x86_64 1.0.7 12.64 199.78 212.42 NOTE
r-release-linux-x86_64 1.0.7 10.72 201.12 211.84 NOTE
r-release-macos-arm64 1.0.7 NOTE
r-release-macos-x86_64 1.0.7 OK
r-release-windows-ix86+x86_64 1.0.7 32.00 280.00 312.00 OK
r-oldrel-macos-x86_64 1.0.7 OK
r-oldrel-windows-ix86+x86_64 1.0.7 34.00 279.00 313.00 OK

Check Details

Version: 1.0.7
Check: package dependencies
Result: NOTE
    Packages suggested but not available for checking:
     'RGtk2', 'gWidgets2RGtk2'
Flavors: r-devel-linux-x86_64-debian-clang, r-devel-linux-x86_64-debian-gcc, r-devel-linux-x86_64-fedora-clang, r-devel-linux-x86_64-fedora-gcc, r-devel-windows-x86_64-new-TK, r-patched-linux-x86_64, r-release-linux-x86_64, r-release-macos-arm64