CRAN Package Check Results for Package Tplyr

Last updated on 2021-12-07 22:59:46 CET.

Flavor Version Tinstall Tcheck Ttotal Status Flags
r-devel-linux-x86_64-debian-clang 0.4.2 9.47 181.26 190.73 OK
r-devel-linux-x86_64-debian-gcc 0.4.3 7.33 135.33 142.66 OK
r-devel-linux-x86_64-fedora-clang 0.4.3 237.60 OK
r-devel-linux-x86_64-fedora-gcc 0.4.3 223.56 OK
r-devel-windows-x86_64-new-UL 0.4.3 37.00 267.00 304.00 OK
r-devel-windows-x86_64-new-TK 0.4.2 OK
r-devel-windows-x86_64-old 0.4.2 16.00 218.00 234.00 OK
r-patched-linux-x86_64 0.4.2 9.41 186.84 196.25 OK
r-release-linux-x86_64 0.4.2 10.52 188.36 198.88 OK
r-release-macos-arm64 0.4.3 OK
r-release-macos-x86_64 0.4.2 OK
r-release-windows-ix86+x86_64 0.4.3 22.00 224.00 246.00 OK
r-oldrel-macos-x86_64 0.4.2 OK
r-oldrel-windows-ix86+x86_64 0.4.3 5.00 8.00 13.00 ERROR

Check Details

Version: 0.4.3
Check: whether package can be installed
Result: ERROR
    Installation failed.
Flavor: r-oldrel-windows-ix86+x86_64