CRAN Package Check Results for Package TraceAssist

Last updated on 2022-01-27 23:01:21 CET.

Flavor Version Tinstall Tcheck Ttotal Status Flags
r-devel-linux-x86_64-debian-clang 0.1.0 8.40 87.52 95.92 OK
r-devel-linux-x86_64-debian-gcc 0.1.0 6.73 66.48 73.21 OK
r-devel-linux-x86_64-fedora-clang 0.1.0 120.90 NOTE
r-devel-linux-x86_64-fedora-gcc 0.1.0 109.58 NOTE
r-devel-windows-x86_64-new-UL 0.1.0 20.00 108.00 128.00 OK
r-devel-windows-x86_64-new-TK 0.1.0 NOTE
r-patched-linux-x86_64 0.1.0 6.55 80.09 86.64 OK
r-release-linux-x86_64 0.1.0 7.54 79.86 87.40 OK
r-release-macos-arm64 0.1.0 NOTE
r-release-macos-x86_64 0.1.0 NOTE
r-release-windows-ix86+x86_64 0.1.0 20.00 96.00 116.00 OK
r-oldrel-macos-x86_64 0.1.0 NOTE
r-oldrel-windows-ix86+x86_64 0.1.0 20.00 120.00 140.00 OK

Check Details

Version: 0.1.0
Check: dependencies in R code
Result: NOTE
    Namespace in Imports field not imported from: ‘Matrix’
     All declared Imports should be used.
Flavors: r-devel-linux-x86_64-fedora-clang, r-devel-linux-x86_64-fedora-gcc, r-devel-windows-x86_64-new-TK, r-release-macos-arm64, r-release-macos-x86_64, r-oldrel-macos-x86_64