CRAN Package Check Results for Package TreeDist

Last updated on 2022-01-24 22:56:44 CET.

Flavor Version Tinstall Tcheck Ttotal Status Flags
r-devel-linux-x86_64-debian-clang 2.3.0 65.72 216.82 282.54 NOTE
r-devel-linux-x86_64-debian-gcc 2.3.0 51.62 162.81 214.43 NOTE
r-devel-linux-x86_64-fedora-clang 2.3.0 399.17 NOTE
r-devel-linux-x86_64-fedora-gcc 2.3.0 373.60 NOTE
r-devel-windows-x86_64-new-UL 2.3.0 143.00 294.00 437.00 NOTE
r-devel-windows-x86_64-new-TK 2.3.0 NOTE
r-patched-linux-x86_64 2.3.0 54.66 229.03 283.69 NOTE
r-release-linux-x86_64 2.3.0 56.23 227.40 283.63 NOTE
r-release-macos-arm64 2.3.0 NOTE
r-release-macos-x86_64 2.3.0 NOTE
r-release-windows-ix86+x86_64 2.3.0 166.00 361.00 527.00 NOTE
r-oldrel-macos-x86_64 2.2.0 NOTE
r-oldrel-windows-ix86+x86_64 2.3.0 167.00 372.00 539.00 NOTE

Check Details

Version: 2.3.0
Check: package dependencies
Result: NOTE
    Package suggested but not available for checking: 'TreeDistData'
Flavors: r-devel-linux-x86_64-debian-clang, r-devel-linux-x86_64-debian-gcc, r-devel-linux-x86_64-fedora-clang, r-devel-linux-x86_64-fedora-gcc, r-devel-windows-x86_64-new-UL, r-devel-windows-x86_64-new-TK, r-patched-linux-x86_64, r-release-linux-x86_64, r-release-macos-arm64, r-release-macos-x86_64, r-release-windows-ix86+x86_64, r-oldrel-windows-ix86+x86_64

Version: 2.2.0
Check: package dependencies
Result: NOTE
    Package suggested but not available for checking: ‘TreeDistData’
Flavor: r-oldrel-macos-x86_64