CRAN Package Check Results for Package TwitterAutomatedTrading

Last updated on 2023-06-02 23:03:35 CEST.

Flavor Version Tinstall Tcheck Ttotal Status Flags
r-devel-linux-x86_64-debian-clang 0.1.0 13.22 117.04 130.26 OK
r-devel-linux-x86_64-debian-gcc 0.1.0 12.07 88.09 100.16 OK
r-devel-linux-x86_64-fedora-clang 0.1.0 164.43 NOTE
r-devel-linux-x86_64-fedora-gcc 0.1.0 190.00 NOTE
r-devel-windows-x86_64 0.1.0 13.00 97.00 110.00 OK
r-patched-linux-x86_64 0.1.0 OK
r-release-linux-x86_64 0.1.0 13.26 108.58 121.84 OK
r-release-macos-arm64 0.1.0 54.00 OK
r-release-macos-x86_64 0.1.0 88.00 OK
r-release-windows-x86_64 0.1.0 16.00 116.00 132.00 OK
r-oldrel-macos-arm64 0.1.0 43.00 NOTE
r-oldrel-macos-x86_64 0.1.0 82.00 NOTE
r-oldrel-windows-x86_64 0.1.0 16.00 119.00 135.00 OK

Check Details

Version: 0.1.0
Check: data for non-ASCII characters
Result: NOTE
     Note: found 34 marked Latin-1 strings
Flavors: r-devel-linux-x86_64-fedora-clang, r-devel-linux-x86_64-fedora-gcc, r-oldrel-macos-arm64, r-oldrel-macos-x86_64