CRAN Package Check Results for Package UCSCXenaTools

Last updated on 2021-12-05 22:49:08 CET.

Flavor Version Tinstall Tcheck Ttotal Status Flags
r-devel-linux-x86_64-debian-clang 1.4.7 6.66 76.98 83.64 OK
r-devel-linux-x86_64-debian-gcc 1.4.7 5.73 57.27 63.00 OK
r-devel-linux-x86_64-fedora-clang 1.4.7 101.95 NOTE
r-devel-linux-x86_64-fedora-gcc 1.4.7 87.99 NOTE
r-devel-windows-x86_64-new-UL 1.4.7 22.00 198.00 220.00 OK
r-devel-windows-x86_64-new-TK 1.4.7 NOTE
r-devel-windows-x86_64-old 1.4.7 18.00 85.00 103.00 OK
r-patched-linux-x86_64 1.4.7 6.12 62.49 68.61 OK
r-release-linux-x86_64 1.4.7 7.02 71.10 78.12 OK
r-release-macos-arm64 1.4.7 NOTE
r-release-macos-x86_64 1.4.7 NOTE
r-release-windows-ix86+x86_64 1.4.7 20.00 104.00 124.00 OK
r-oldrel-macos-x86_64 1.4.7 NOTE
r-oldrel-windows-ix86+x86_64 1.4.7 19.00 105.00 124.00 OK

Check Details

Version: 1.4.7
Check: data for non-ASCII characters
Result: NOTE
     Note: found 2 marked UTF-8 strings
Flavors: r-devel-linux-x86_64-fedora-clang, r-devel-linux-x86_64-fedora-gcc, r-devel-windows-x86_64-new-TK, r-release-macos-arm64, r-release-macos-x86_64, r-oldrel-macos-x86_64