CRAN Package Check Results for Package UpSetR

Last updated on 2022-01-18 22:47:42 CET.

Flavor Version Tinstall Tcheck Ttotal Status Flags
r-devel-linux-x86_64-debian-clang 1.4.0 7.17 135.37 142.54 NOTE
r-devel-linux-x86_64-debian-gcc 1.4.0 7.48 100.38 107.86 NOTE
r-devel-linux-x86_64-fedora-clang 1.4.0 172.67 NOTE
r-devel-linux-x86_64-fedora-gcc 1.4.0 153.73 NOTE
r-devel-windows-x86_64-new-UL 1.4.0 41.00 157.00 198.00 NOTE
r-devel-windows-x86_64-new-TK 1.4.0 NOTE
r-patched-linux-x86_64 1.4.0 5.74 71.44 77.18 NOTE
r-release-linux-x86_64 1.4.0 NOTE
r-release-macos-arm64 1.4.0 NOTE
r-release-macos-x86_64 1.4.0 NOTE
r-release-windows-ix86+x86_64 1.4.0 19.00 84.00 103.00 NOTE
r-oldrel-macos-x86_64 1.4.0 NOTE
r-oldrel-windows-ix86+x86_64 1.4.0 18.00 85.00 103.00 NOTE

Check Details

Version: 1.4.0
Check: LazyData
Result: NOTE
     'LazyData' is specified without a 'data' directory
Flavors: r-devel-linux-x86_64-debian-clang, r-devel-linux-x86_64-debian-gcc, r-devel-linux-x86_64-fedora-clang, r-devel-linux-x86_64-fedora-gcc, r-devel-windows-x86_64-new-UL, r-devel-windows-x86_64-new-TK, r-patched-linux-x86_64, r-release-linux-x86_64, r-release-macos-arm64, r-release-macos-x86_64, r-release-windows-ix86+x86_64

Version: 1.4.0
Check: installed package size
Result: NOTE
     installed size is 8.1Mb
     sub-directories of 1Mb or more:
     doc 7.6Mb
Flavors: r-devel-linux-x86_64-fedora-clang, r-devel-windows-x86_64-new-UL, r-release-macos-arm64, r-release-macos-x86_64, r-release-windows-ix86+x86_64, r-oldrel-macos-x86_64, r-oldrel-windows-ix86+x86_64