Last updated on 2022-05-18 21:53:30 CEST.
Flavor | Version | Tinstall | Tcheck | Ttotal | Status | Flags |
---|---|---|---|---|---|---|
r-devel-linux-x86_64-debian-clang | 2.0.0 | 11.23 | 116.06 | 127.29 | NOTE | |
r-devel-linux-x86_64-debian-gcc | 2.0.0 | 9.87 | 86.91 | 96.78 | NOTE | |
r-devel-linux-x86_64-fedora-clang | 2.0.0 | 153.87 | NOTE | |||
r-devel-linux-x86_64-fedora-gcc | 2.0.0 | 148.24 | NOTE | |||
r-devel-windows-x86_64 | 2.0.0 | 18.00 | 127.00 | 145.00 | NOTE | |
r-patched-linux-x86_64 | 2.0.0 | 12.30 | 108.59 | 120.89 | NOTE | |
r-release-linux-x86_64 | 2.0.0 | 11.06 | 110.29 | 121.35 | NOTE | |
r-release-macos-arm64 | 2.0.0 | 40.00 | NOTE | |||
r-release-macos-x86_64 | 2.0.0 | 76.00 | NOTE | |||
r-release-windows-x86_64 | 2.0.0 | 23.00 | 124.00 | 147.00 | NOTE | |
r-oldrel-macos-arm64 | 2.0.0 | 43.00 | NOTE | |||
r-oldrel-macos-x86_64 | 2.0.0 | 91.00 | NOTE | |||
r-oldrel-windows-ix86+x86_64 | 2.0.0 | 29.00 | 117.00 | 146.00 | NOTE |
Version: 2.0.0
Check: LazyData
Result: NOTE
'LazyData' is specified without a 'data' directory
Flavors: r-devel-linux-x86_64-debian-clang, r-devel-linux-x86_64-debian-gcc, r-devel-linux-x86_64-fedora-clang, r-devel-linux-x86_64-fedora-gcc, r-devel-windows-x86_64, r-patched-linux-x86_64, r-release-linux-x86_64, r-release-macos-arm64, r-release-macos-x86_64, r-release-windows-x86_64, r-oldrel-macos-arm64, r-oldrel-macos-x86_64, r-oldrel-windows-ix86+x86_64