CRAN Package Check Results for Package VEwaningVariant

Last updated on 2024-02-23 23:10:22 CET.

Flavor Version Tinstall Tcheck Ttotal Status Flags
r-devel-linux-x86_64-debian-clang 1.4 OK
r-devel-linux-x86_64-debian-gcc 1.4 114.57 82.01 196.58 OK
r-devel-linux-x86_64-fedora-clang 1.4 361.22 OK
r-devel-linux-x86_64-fedora-gcc 1.4 355.86 OK
r-devel-windows-x86_64 1.4 112.00 213.00 325.00 OK
r-patched-linux-x86_64 1.4 142.04 99.02 241.06 OK
r-release-linux-x86_64 1.4 140.48 97.19 237.67 OK
r-release-macos-arm64 1.4 85.00 NOTE
r-release-macos-x86_64 1.4 98.00 NOTE
r-release-windows-x86_64 1.4 142.00 126.00 268.00 OK
r-oldrel-macos-arm64 1.4 76.00 NOTE
r-oldrel-windows-x86_64 1.4 136.00 127.00 263.00 OK

Check Details

Version: 1.4
Check: installed package size
Result: NOTE installed size is 5.0Mb sub-directories of 1Mb or more: libs 4.3Mb Flavors: r-release-macos-arm64, r-release-macos-x86_64, r-oldrel-macos-arm64