CRAN Package Check Results for Package VWPre

Last updated on 2022-01-27 23:01:22 CET.

Flavor Version Tinstall Tcheck Ttotal Status Flags
r-devel-linux-x86_64-debian-clang 1.2.4 9.86 122.59 132.45 OK
r-devel-linux-x86_64-debian-gcc 1.2.4 8.93 88.16 97.09 OK
r-devel-linux-x86_64-fedora-clang 1.2.4 153.02 NOTE
r-devel-linux-x86_64-fedora-gcc 1.2.4 148.79 OK
r-devel-windows-x86_64-new-UL 1.2.4 38.00 150.00 188.00 OK
r-devel-windows-x86_64-new-TK 1.2.4 OK
r-patched-linux-x86_64 1.2.4 8.60 112.99 121.59 OK
r-release-linux-x86_64 1.2.4 9.21 112.07 121.28 OK
r-release-macos-arm64 1.2.4 OK
r-release-macos-x86_64 1.2.4 OK
r-release-windows-ix86+x86_64 1.2.4 22.00 136.00 158.00 OK
r-oldrel-macos-x86_64 1.2.4 OK
r-oldrel-windows-ix86+x86_64 1.2.4 21.00 136.00 157.00 OK

Check Details

Version: 1.2.4
Check: Rd cross-references
Result: NOTE
    Undeclared package ‘tibble’ in Rd xrefs
Flavor: r-devel-linux-x86_64-fedora-clang