CRAN Package Check Results for Package VecStatGraphs3D

Last updated on 2022-01-16 22:51:30 CET.

Flavor Version Tinstall Tcheck Ttotal Status Flags
r-devel-linux-x86_64-debian-clang 1.6 5.58 54.07 59.65 NOTE
r-devel-linux-x86_64-debian-gcc 1.6 4.45 46.73 51.18 NOTE
r-devel-linux-x86_64-fedora-clang 1.6 74.42 NOTE
r-devel-linux-x86_64-fedora-gcc 1.6 63.16 NOTE
r-devel-windows-x86_64-new-UL 1.6 145.00 72.00 217.00 NOTE
r-devel-windows-x86_64-new-TK 1.6 NOTE
r-patched-linux-x86_64 1.6 6.43 53.17 59.60 NOTE
r-release-linux-x86_64 1.6 NOTE
r-release-macos-arm64 1.6 NOTE
r-release-macos-x86_64 1.6 NOTE
r-release-windows-ix86+x86_64 1.6 10.00 62.00 72.00 NOTE
r-oldrel-macos-x86_64 1.6 NOTE
r-oldrel-windows-ix86+x86_64 1.6 10.00 64.00 74.00 NOTE

Check Details

Version: 1.6
Check: R code for possible problems
Result: NOTE
    DrawDensity3D: no visible global function definition for 'colorRamp'
    DrawDensity3D: no visible global function definition for 'rgb'
    ReadFromFile3D: no visible global function definition for 'read.table'
    Undefined global functions or variables:
     colorRamp read.table rgb
    Consider adding
     importFrom("grDevices", "colorRamp", "rgb")
     importFrom("utils", "read.table")
    to your NAMESPACE file.
Flavors: r-devel-linux-x86_64-debian-clang, r-devel-linux-x86_64-debian-gcc, r-devel-linux-x86_64-fedora-clang, r-devel-linux-x86_64-fedora-gcc, r-devel-windows-x86_64-new-UL, r-devel-windows-x86_64-new-TK, r-patched-linux-x86_64, r-release-linux-x86_64, r-release-macos-arm64, r-release-macos-x86_64, r-release-windows-ix86+x86_64, r-oldrel-macos-x86_64, r-oldrel-windows-ix86+x86_64