Last updated on 2023-03-23 22:52:48 CET.
Flavor | Version | Tinstall | Tcheck | Ttotal | Status | Flags |
---|---|---|---|---|---|---|
r-devel-linux-x86_64-debian-clang | 1.2.2 | 15.51 | 202.15 | 217.66 | NOTE | |
r-devel-linux-x86_64-debian-gcc | 1.2.2 | 13.41 | 149.22 | 162.63 | NOTE | |
r-devel-linux-x86_64-fedora-clang | 1.2.2 | 264.93 | NOTE | |||
r-devel-linux-x86_64-fedora-gcc | 1.2.2 | 272.39 | NOTE | |||
r-devel-windows-x86_64 | 1.2.2 | 44.00 | 233.00 | 277.00 | NOTE | |
r-patched-linux-x86_64 | 1.2.2 | 14.40 | 187.45 | 201.85 | OK | |
r-release-linux-x86_64 | 1.2.2 | 12.73 | 190.69 | 203.42 | OK | |
r-release-macos-arm64 | 1.2.2 | 71.00 | NOTE | |||
r-release-macos-x86_64 | 1.2.2 | 126.00 | NOTE | |||
r-release-windows-x86_64 | 1.2.2 | 55.00 | 215.00 | 270.00 | OK | |
r-oldrel-macos-arm64 | 1.2.2 | 89.00 | NOTE | |||
r-oldrel-macos-x86_64 | 1.2.2 | 108.00 | NOTE | |||
r-oldrel-windows-ix86+x86_64 | 1.2.2 | 30.00 | 212.00 | 242.00 | OK |
Version: 1.2.2
Check: package subdirectories
Result: NOTE
Problems with news in ‘NEWS.md’:
No news entries found.
Flavors: r-devel-linux-x86_64-debian-clang, r-devel-linux-x86_64-debian-gcc, r-devel-linux-x86_64-fedora-clang, r-devel-linux-x86_64-fedora-gcc, r-devel-windows-x86_64
Version: 1.2.2
Check: dependencies in R code
Result: NOTE
Namespaces in Imports field not imported from:
‘ggplot2’ ‘reshape2’
All declared Imports should be used.
Flavors: r-devel-linux-x86_64-fedora-clang, r-devel-linux-x86_64-fedora-gcc, r-release-macos-arm64, r-release-macos-x86_64, r-oldrel-macos-arm64, r-oldrel-macos-x86_64